{"id":32,"date":"2024-11-30T20:36:36","date_gmt":"2024-11-30T20:36:36","guid":{"rendered":"https:\/\/oasisaquamarine.com.br\/?page_id=32"},"modified":"2024-12-22T15:35:59","modified_gmt":"2024-12-22T18:35:59","slug":"acomodacoes","status":"publish","type":"page","link":"https:\/\/oasisaquamarine.com.br\/?page_id=32","title":{"rendered":"Casa Temporada Peruibe Acomoda\u00e7\u00f5es"},"content":{"rendered":"\t\t<div data-elementor-type=\"wp-page\" data-elementor-id=\"32\" class=\"elementor elementor-32\">\n\t\t\t\t<div class=\"elementor-element elementor-element-b124704 e-flex e-con-boxed e-con e-parent\" data-id=\"b124704\" data-element_type=\"container\" data-e-type=\"container\" data-settings=\"{&quot;background_background&quot;:&quot;classic&quot;}\">\n\t\t\t\t\t<div class=\"e-con-inner\">\n\t\t\t\t<div class=\"elementor-element elementor-element-44e492e elementor-widget__width-initial elementor-widget elementor-widget-heading\" data-id=\"44e492e\" data-element_type=\"widget\" data-e-type=\"widget\" data-widget_type=\"heading.default\">\n\t\t\t\t<div class=\"elementor-widget-container\">\n\t\t\t\t\t<h3 class=\"elementor-heading-title elementor-size-default\">A propriedade<\/h3>\t\t\t\t<\/div>\n\t\t\t\t<\/div>\n\t\t\t\t<div class=\"elementor-element elementor-element-c26ba2c elementor-widget__width-initial elementor-widget elementor-widget-text-editor\" data-id=\"c26ba2c\" data-element_type=\"widget\" data-e-type=\"widget\" data-widget_type=\"text-editor.default\">\n\t\t\t\t<div class=\"elementor-widget-container\">\n\t\t\t\t\t\t\t\t\t<div class=\"flex-shrink-0 flex flex-col relative items-end\"><div class=\"pt-0\" style=\"text-align: justify;\"><p>Esta ampla propriedade, projetada para acomodar at\u00e9 10 h\u00f3spedes com conforto, \u00e9 perfeita para aqueles que desejam um ambiente tranquilo e bem estruturado, seja para lazer ou trabalho. A casa conta com 3 dormit\u00f3rios, incluindo uma su\u00edte, proporcionando privacidade e espa\u00e7o. O Wi-Fi de alta velocidade \u00e9 ideal tanto para o entretenimento via Netflix na TV Smart de 43 polegadas quanto para o uso profissional, facilitando o trabalho remoto.<\/p><p>A sala de estar, dividida em dois ambientes, oferece sof\u00e1s, cadeiras e ventiladores port\u00e1teis, criando um espa\u00e7o confort\u00e1vel para descanso e intera\u00e7\u00e3o. A cozinha equipada disp\u00f5e de um fog\u00e3o de seis bocas, forno Brastemp, micro-ondas, geladeira duplex, liquidificador e outros utens\u00edlios necess\u00e1rios para preparar desde refei\u00e7\u00f5es simples at\u00e9 banquetes completos. Al\u00e9m disso, a \u00e1rea de jantar \u00e9 composta por uma mesa espa\u00e7osa com 6 cadeiras.<\/p><p>Externamente, a propriedade oferece uma churrasqueira com grelha para aqueles que desejam desfrutar de momentos de lazer ao ar livre. O quintal \u00e9 totalmente cercado, garantindo privacidade, e h\u00e1 tamb\u00e9m uma ducha externa para uso ap\u00f3s os dias de praia. A garagem comporta dois ve\u00edculos e conta com ilumina\u00e7\u00e3o autom\u00e1tica, proporcionando seguran\u00e7a e praticidade.<\/p><p>Cada detalhe foi pensado para oferecer aos h\u00f3spedes uma estadia confort\u00e1vel e conveniente, com ventiladores port\u00e1teis nos quartos e grades de prote\u00e7\u00e3o nas janelas, garantindo um ambiente seguro e acolhedor.<\/p><\/div><\/div>\t\t\t\t\t\t\t\t<\/div>\n\t\t\t\t<\/div>\n\t\t<div class=\"elementor-element elementor-element-f613254 e-con-full e-flex e-con e-child\" data-id=\"f613254\" data-element_type=\"container\" data-e-type=\"container\">\n\t\t<div class=\"elementor-element elementor-element-3cf012c e-con-full e-flex e-con e-child\" data-id=\"3cf012c\" data-element_type=\"container\" data-e-type=\"container\">\n\t\t\t\t<div class=\"elementor-element elementor-element-7a26c52 elementor-widget elementor-widget-heading\" data-id=\"7a26c52\" data-element_type=\"widget\" data-e-type=\"widget\" data-widget_type=\"heading.default\">\n\t\t\t\t<div class=\"elementor-widget-container\">\n\t\t\t\t\t<h3 class=\"elementor-heading-title elementor-size-default\">Acesso do h\u00f3spede<\/h3>\t\t\t\t<\/div>\n\t\t\t\t<\/div>\n\t\t\t\t<div class=\"elementor-element elementor-element-62a6517 elementor-widget elementor-widget-text-editor\" data-id=\"62a6517\" data-element_type=\"widget\" data-e-type=\"widget\" data-widget_type=\"text-editor.default\">\n\t\t\t\t<div class=\"elementor-widget-container\">\n\t\t\t\t\t\t\t\t\t<div class=\"flex-shrink-0 flex flex-col relative items-end\">\n<div class=\"pt-0\" style=\"text-align: justify;\">\n\nO im\u00f3vel \u00e9 totalmente t\u00e9rreo, garantindo f\u00e1cil locomo\u00e7\u00e3o aos h\u00f3spedes.\n\nA disposi\u00e7\u00e3o dos ambientes \u00e9 funcional, oferecendo tr\u00eas dormit\u00f3rios, uma sala com dois ambientes, cozinha completa e \u00e1rea externa com churrasqueira.\n\nAs luzes da garagem s\u00e3o autom\u00e1ticas, controladas por fotoc\u00e9lula, o que proporciona maior comodidade durante a estadia.\n\nO im\u00f3vel conta com c\u00e2meras de seguran\u00e7a instaladas na \u00e1rea externa, voltadas apenas para a rua e cal\u00e7ada.\n\nA ed\u00edcula, localizada no fundo do terreno, n\u00e3o faz parte da loca\u00e7\u00e3o, sendo destinada ao armazenamento de materiais de manuten\u00e7\u00e3o.\n\n<\/div>\n<\/div>\n\t\t\t\t\t\t\t\t<\/div>\n\t\t\t\t<\/div>\n\t\t\t\t<\/div>\n\t\t<div class=\"elementor-element elementor-element-a8154eb e-con-full e-flex e-con e-child\" data-id=\"a8154eb\" data-element_type=\"container\" data-e-type=\"container\">\n\t\t\t\t<div class=\"elementor-element elementor-element-dc1acc6 elementor-widget elementor-widget-heading\" data-id=\"dc1acc6\" data-element_type=\"widget\" data-e-type=\"widget\" data-widget_type=\"heading.default\">\n\t\t\t\t<div class=\"elementor-widget-container\">\n\t\t\t\t\t<h3 class=\"elementor-heading-title elementor-size-default\">Outras informa\u00e7\u00f5es importantes<\/h3>\t\t\t\t<\/div>\n\t\t\t\t<\/div>\n\t\t\t\t<div class=\"elementor-element elementor-element-aacdda4 elementor-widget elementor-widget-text-editor\" data-id=\"aacdda4\" data-element_type=\"widget\" data-e-type=\"widget\" data-widget_type=\"text-editor.default\">\n\t\t\t\t<div class=\"elementor-widget-container\">\n\t\t\t\t\t\t\t\t\t<p>\u2022 O sil\u00eancio deve ser respeitado ap\u00f3s as 22h, conforme regulamenta\u00e7\u00e3o local.<\/p><p>\u2022 O im\u00f3vel conta com duas c\u00e2meras externas para seguran\u00e7a, direcionadas para a rua.<\/p><p>\u2022 Ao deixar a casa, favor trancar portas e janelas.<\/p><p>\u2022 Por seguran\u00e7a, feche o registro de g\u00e1s no fim da estadia.<\/p><p>\u2022 Solicitamos que os h\u00f3spedes removam o lixo e limpem a churrasqueira ap\u00f3s o uso.<\/p><p>\u2022 Check-in e checkout fora dos hor\u00e1rios padr\u00f5es podem ser ajustados mediante acordo.<\/p>\t\t\t\t\t\t\t\t<\/div>\n\t\t\t\t<\/div>\n\t\t\t\t<\/div>\n\t\t\t\t<\/div>\n\t\t\t\t\t<\/div>\n\t\t\t\t<\/div>\n\t\t<div class=\"elementor-element elementor-element-3e7f30de e-con-full e-flex e-con e-child\" data-id=\"3e7f30de\" data-element_type=\"container\" data-e-type=\"container\">\n\t\t\t\t<div class=\"elementor-element elementor-element-7670e3cb elementor-widget__width-initial elementor-arrows-position-inside elementor-pagination-position-outside elementor-widget elementor-widget-image-carousel\" data-id=\"7670e3cb\" data-element_type=\"widget\" data-e-type=\"widget\" data-settings=\"{&quot;slides_to_show&quot;:&quot;3&quot;,&quot;slides_to_show_tablet&quot;:&quot;1&quot;,&quot;navigation&quot;:&quot;both&quot;,&quot;autoplay&quot;:&quot;yes&quot;,&quot;pause_on_hover&quot;:&quot;yes&quot;,&quot;pause_on_interaction&quot;:&quot;yes&quot;,&quot;autoplay_speed&quot;:5000,&quot;infinite&quot;:&quot;yes&quot;,&quot;speed&quot;:500,&quot;image_spacing_custom&quot;:{&quot;unit&quot;:&quot;px&quot;,&quot;size&quot;:20,&quot;sizes&quot;:[]}}\" data-widget_type=\"image-carousel.default\">\n\t\t\t\t<div class=\"elementor-widget-container\">\n\t\t\t\t\t\t\t<div class=\"elementor-image-carousel-wrapper swiper\" role=\"region\" aria-roledescription=\"carousel\" aria-label=\"Carrossel de imagens\" dir=\"ltr\">\n\t\t\t<div class=\"elementor-image-carousel swiper-wrapper swiper-image-stretch\" aria-live=\"off\">\n\t\t\t\t\t\t\t\t<div class=\"swiper-slide\" role=\"group\" aria-roledescription=\"slide\" aria-label=\"1 de 12\"><figure class=\"swiper-slide-inner\"><img decoding=\"async\" class=\"swiper-slide-image\" src=\"https:\/\/oasisaquamarine.com.br\/wp-content\/uploads\/2024\/12\/Churrasqueira-3.jpg\" alt=\"Foto Oasis Aquamarine\" \/><\/figure><\/div><div class=\"swiper-slide\" role=\"group\" aria-roledescription=\"slide\" aria-label=\"2 de 12\"><figure class=\"swiper-slide-inner\"><img decoding=\"async\" class=\"swiper-slide-image\" src=\"https:\/\/oasisaquamarine.com.br\/wp-content\/uploads\/2024\/12\/Churrasqueira-2.jpg\" alt=\"Foto Oasis Aquamarine\" \/><\/figure><\/div><div class=\"swiper-slide\" role=\"group\" aria-roledescription=\"slide\" aria-label=\"3 de 12\"><figure class=\"swiper-slide-inner\"><img decoding=\"async\" class=\"swiper-slide-image\" src=\"https:\/\/oasisaquamarine.com.br\/wp-content\/uploads\/2024\/12\/IMG_20241206_112754488.jpg\" alt=\"Foto Oasis Aquamarine\" \/><\/figure><\/div><div class=\"swiper-slide\" role=\"group\" aria-roledescription=\"slide\" aria-label=\"4 de 12\"><figure class=\"swiper-slide-inner\"><img decoding=\"async\" class=\"swiper-slide-image\" src=\"https:\/\/oasisaquamarine.com.br\/wp-content\/uploads\/2024\/12\/IMG_20241206_114627382.jpg\" alt=\"Foto Oasis Aquamarine\" \/><\/figure><\/div><div class=\"swiper-slide\" role=\"group\" aria-roledescription=\"slide\" aria-label=\"5 de 12\"><figure class=\"swiper-slide-inner\"><img decoding=\"async\" class=\"swiper-slide-image\" src=\"https:\/\/oasisaquamarine.com.br\/wp-content\/uploads\/2024\/12\/IMG_20241206_114717283.jpg\" alt=\"Foto Oasis Aquamarine\" \/><\/figure><\/div><div class=\"swiper-slide\" role=\"group\" aria-roledescription=\"slide\" aria-label=\"6 de 12\"><figure class=\"swiper-slide-inner\"><img decoding=\"async\" class=\"swiper-slide-image\" src=\"https:\/\/oasisaquamarine.com.br\/wp-content\/uploads\/2024\/12\/IMG_20241206_115016658.jpg\" alt=\"Foto Oasis Aquamarine\" \/><\/figure><\/div><div class=\"swiper-slide\" role=\"group\" aria-roledescription=\"slide\" aria-label=\"7 de 12\"><figure class=\"swiper-slide-inner\"><img decoding=\"async\" class=\"swiper-slide-image\" src=\"https:\/\/oasisaquamarine.com.br\/wp-content\/uploads\/2024\/12\/Sala-2.jpg\" alt=\"Foto Oasis Aquamarine\" \/><\/figure><\/div><div class=\"swiper-slide\" role=\"group\" aria-roledescription=\"slide\" aria-label=\"8 de 12\"><figure class=\"swiper-slide-inner\"><img decoding=\"async\" class=\"swiper-slide-image\" src=\"https:\/\/oasisaquamarine.com.br\/wp-content\/uploads\/2024\/12\/Sala-1.jpg\" alt=\"Foto Oasis Aquamarine\" \/><\/figure><\/div><div class=\"swiper-slide\" role=\"group\" aria-roledescription=\"slide\" aria-label=\"9 de 12\"><figure class=\"swiper-slide-inner\"><img decoding=\"async\" class=\"swiper-slide-image\" src=\"https:\/\/oasisaquamarine.com.br\/wp-content\/uploads\/2024\/12\/IMG_20241206_121843717.jpg\" alt=\"Foto Oasis Aquamarine\" \/><\/figure><\/div><div class=\"swiper-slide\" role=\"group\" aria-roledescription=\"slide\" aria-label=\"10 de 12\"><figure class=\"swiper-slide-inner\"><img decoding=\"async\" class=\"swiper-slide-image\" src=\"https:\/\/oasisaquamarine.com.br\/wp-content\/uploads\/2024\/12\/IMG_20241206_121942539.jpg\" alt=\"Foto Oasis Aquamarine\" \/><\/figure><\/div><div class=\"swiper-slide\" role=\"group\" aria-roledescription=\"slide\" aria-label=\"11 de 12\"><figure class=\"swiper-slide-inner\"><img decoding=\"async\" class=\"swiper-slide-image\" src=\"https:\/\/oasisaquamarine.com.br\/wp-content\/uploads\/2024\/12\/IMG_20241206_112648142.jpg\" alt=\"Foto Oasis Aquamarine\" \/><\/figure><\/div><div class=\"swiper-slide\" role=\"group\" aria-roledescription=\"slide\" aria-label=\"12 de 12\"><figure class=\"swiper-slide-inner\"><img decoding=\"async\" class=\"swiper-slide-image\" src=\"https:\/\/oasisaquamarine.com.br\/wp-content\/uploads\/2024\/12\/IMG_20241206_112721420.jpg\" alt=\"Foto Oasis Aquamarine\" \/><\/figure><\/div>\t\t\t<\/div>\n\t\t\t\t\t\t\t\t\t\t\t\t<div class=\"elementor-swiper-button elementor-swiper-button-prev\" role=\"button\" tabindex=\"0\">\n\t\t\t\t\t\t<svg aria-hidden=\"true\" class=\"e-font-icon-svg e-eicon-chevron-left\" viewBox=\"0 0 1000 1000\" xmlns=\"http:\/\/www.w3.org\/2000\/svg\"><path d=\"M646 125C629 125 613 133 604 142L308 442C296 454 292 471 292 487 292 504 296 521 308 533L604 854C617 867 629 875 646 875 663 875 679 871 692 858 704 846 713 829 713 812 713 796 708 779 692 767L438 487 692 225C700 217 708 204 708 187 708 171 704 154 692 142 675 129 663 125 646 125Z\"><\/path><\/svg>\t\t\t\t\t<\/div>\n\t\t\t\t\t<div class=\"elementor-swiper-button elementor-swiper-button-next\" role=\"button\" tabindex=\"0\">\n\t\t\t\t\t\t<svg aria-hidden=\"true\" class=\"e-font-icon-svg e-eicon-chevron-right\" viewBox=\"0 0 1000 1000\" xmlns=\"http:\/\/www.w3.org\/2000\/svg\"><path d=\"M696 533C708 521 713 504 713 487 713 471 708 454 696 446L400 146C388 133 375 125 354 125 338 125 325 129 313 142 300 154 292 171 292 187 292 204 296 221 308 233L563 492 304 771C292 783 288 800 288 817 288 833 296 850 308 863 321 871 338 875 354 875 371 875 388 867 400 854L696 533Z\"><\/path><\/svg>\t\t\t\t\t<\/div>\n\t\t\t\t\n\t\t\t\t\t\t\t\t\t<div class=\"swiper-pagination\"><\/div>\n\t\t\t\t\t\t\t\t\t<\/div>\n\t\t\t\t\t\t<\/div>\n\t\t\t\t<\/div>\n\t\t\t\t<div class=\"elementor-element elementor-element-a330fa0 elementor-widget__width-initial elementor-arrows-position-inside elementor-pagination-position-outside elementor-widget elementor-widget-image-carousel\" data-id=\"a330fa0\" data-element_type=\"widget\" data-e-type=\"widget\" data-settings=\"{&quot;slides_to_show&quot;:&quot;3&quot;,&quot;slides_to_show_tablet&quot;:&quot;1&quot;,&quot;navigation&quot;:&quot;both&quot;,&quot;autoplay&quot;:&quot;yes&quot;,&quot;pause_on_hover&quot;:&quot;yes&quot;,&quot;pause_on_interaction&quot;:&quot;yes&quot;,&quot;autoplay_speed&quot;:5000,&quot;infinite&quot;:&quot;yes&quot;,&quot;speed&quot;:500,&quot;image_spacing_custom&quot;:{&quot;unit&quot;:&quot;px&quot;,&quot;size&quot;:20,&quot;sizes&quot;:[]}}\" data-widget_type=\"image-carousel.default\">\n\t\t\t\t<div class=\"elementor-widget-container\">\n\t\t\t\t\t\t\t<div class=\"elementor-image-carousel-wrapper swiper\" role=\"region\" aria-roledescription=\"carousel\" aria-label=\"Carrossel de imagens\" dir=\"ltr\">\n\t\t\t<div class=\"elementor-image-carousel swiper-wrapper swiper-image-stretch\" aria-live=\"off\">\n\t\t\t\t\t\t\t\t<div class=\"swiper-slide\" role=\"group\" aria-roledescription=\"slide\" aria-label=\"1 de 10\"><figure class=\"swiper-slide-inner\"><img decoding=\"async\" class=\"swiper-slide-image\" src=\"https:\/\/oasisaquamarine.com.br\/wp-content\/uploads\/2024\/12\/IMG_20241206_120310421_HDR.jpg\" alt=\"Foto Oasis Aquamarine\" \/><\/figure><\/div><div class=\"swiper-slide\" role=\"group\" aria-roledescription=\"slide\" aria-label=\"2 de 10\"><figure class=\"swiper-slide-inner\"><img decoding=\"async\" class=\"swiper-slide-image\" src=\"https:\/\/oasisaquamarine.com.br\/wp-content\/uploads\/2024\/12\/IMG_20241206_114823330.jpg\" alt=\"Foto Oasis Aquamarine\" \/><\/figure><\/div><div class=\"swiper-slide\" role=\"group\" aria-roledescription=\"slide\" aria-label=\"3 de 10\"><figure class=\"swiper-slide-inner\"><img decoding=\"async\" class=\"swiper-slide-image\" src=\"https:\/\/oasisaquamarine.com.br\/wp-content\/uploads\/2024\/12\/Suite-5.jpg\" alt=\"Foto Oasis Aquamarine\" \/><\/figure><\/div><div class=\"swiper-slide\" role=\"group\" aria-roledescription=\"slide\" aria-label=\"4 de 10\"><figure class=\"swiper-slide-inner\"><img decoding=\"async\" class=\"swiper-slide-image\" src=\"https:\/\/oasisaquamarine.com.br\/wp-content\/uploads\/2024\/12\/Suite-4.jpg\" alt=\"Foto Oasis Aquamarine\" \/><\/figure><\/div><div class=\"swiper-slide\" role=\"group\" aria-roledescription=\"slide\" aria-label=\"5 de 10\"><figure class=\"swiper-slide-inner\"><img decoding=\"async\" class=\"swiper-slide-image\" src=\"https:\/\/oasisaquamarine.com.br\/wp-content\/uploads\/2024\/12\/Quarto-da-Direita-4-2.jpg\" alt=\"Foto Oasis Aquamarine\" \/><\/figure><\/div><div class=\"swiper-slide\" role=\"group\" aria-roledescription=\"slide\" aria-label=\"6 de 10\"><figure class=\"swiper-slide-inner\"><img decoding=\"async\" class=\"swiper-slide-image\" src=\"https:\/\/oasisaquamarine.com.br\/wp-content\/uploads\/2024\/12\/Quarto-da-Esquerda-1.jpg\" alt=\"Foto Oasis Aquamarine\" \/><\/figure><\/div><div class=\"swiper-slide\" role=\"group\" aria-roledescription=\"slide\" aria-label=\"7 de 10\"><figure class=\"swiper-slide-inner\"><img decoding=\"async\" class=\"swiper-slide-image\" src=\"https:\/\/oasisaquamarine.com.br\/wp-content\/uploads\/2024\/12\/Quarto-da-Esquerda-2.jpg\" alt=\"Foto Oasis Aquamarine\" \/><\/figure><\/div><div class=\"swiper-slide\" role=\"group\" aria-roledescription=\"slide\" aria-label=\"8 de 10\"><figure class=\"swiper-slide-inner\"><img decoding=\"async\" class=\"swiper-slide-image\" src=\"https:\/\/oasisaquamarine.com.br\/wp-content\/uploads\/2024\/12\/Suite-1.jpg\" alt=\"Foto Oasis Aquamarine\" \/><\/figure><\/div><div class=\"swiper-slide\" role=\"group\" aria-roledescription=\"slide\" aria-label=\"9 de 10\"><figure class=\"swiper-slide-inner\"><img decoding=\"async\" class=\"swiper-slide-image\" src=\"https:\/\/oasisaquamarine.com.br\/wp-content\/uploads\/2024\/12\/Quarto-da-Direita-4-1.jpg\" alt=\"Foto Oasis Aquamarine\" \/><\/figure><\/div><div class=\"swiper-slide\" role=\"group\" aria-roledescription=\"slide\" aria-label=\"10 de 10\"><figure class=\"swiper-slide-inner\"><img decoding=\"async\" class=\"swiper-slide-image\" src=\"https:\/\/oasisaquamarine.com.br\/wp-content\/uploads\/2024\/12\/IMG_20241206_121559818.jpg\" alt=\"Foto Oasis Aquamarine\" \/><\/figure><\/div>\t\t\t<\/div>\n\t\t\t\t\t\t\t\t\t\t\t\t<div class=\"elementor-swiper-button elementor-swiper-button-prev\" role=\"button\" tabindex=\"0\">\n\t\t\t\t\t\t<svg aria-hidden=\"true\" class=\"e-font-icon-svg e-eicon-chevron-left\" viewBox=\"0 0 1000 1000\" xmlns=\"http:\/\/www.w3.org\/2000\/svg\"><path d=\"M646 125C629 125 613 133 604 142L308 442C296 454 292 471 292 487 292 504 296 521 308 533L604 854C617 867 629 875 646 875 663 875 679 871 692 858 704 846 713 829 713 812 713 796 708 779 692 767L438 487 692 225C700 217 708 204 708 187 708 171 704 154 692 142 675 129 663 125 646 125Z\"><\/path><\/svg>\t\t\t\t\t<\/div>\n\t\t\t\t\t<div class=\"elementor-swiper-button elementor-swiper-button-next\" role=\"button\" tabindex=\"0\">\n\t\t\t\t\t\t<svg aria-hidden=\"true\" class=\"e-font-icon-svg e-eicon-chevron-right\" viewBox=\"0 0 1000 1000\" xmlns=\"http:\/\/www.w3.org\/2000\/svg\"><path d=\"M696 533C708 521 713 504 713 487 713 471 708 454 696 446L400 146C388 133 375 125 354 125 338 125 325 129 313 142 300 154 292 171 292 187 292 204 296 221 308 233L563 492 304 771C292 783 288 800 288 817 288 833 296 850 308 863 321 871 338 875 354 875 371 875 388 867 400 854L696 533Z\"><\/path><\/svg>\t\t\t\t\t<\/div>\n\t\t\t\t\n\t\t\t\t\t\t\t\t\t<div class=\"swiper-pagination\"><\/div>\n\t\t\t\t\t\t\t\t\t<\/div>\n\t\t\t\t\t\t<\/div>\n\t\t\t\t<\/div>\n\t\t\t\t<\/div>\n\t\t<div class=\"elementor-element elementor-element-5dc9e75 e-flex e-con-boxed e-con e-parent\" data-id=\"5dc9e75\" data-element_type=\"container\" data-e-type=\"container\">\n\t\t\t\t\t<div class=\"e-con-inner\">\n\t\t\t\t<div class=\"elementor-element elementor-element-3be7de6 elementor-widget elementor-widget-heading\" data-id=\"3be7de6\" data-element_type=\"widget\" data-e-type=\"widget\" data-widget_type=\"heading.default\">\n\t\t\t\t<div class=\"elementor-widget-container\">\n\t\t\t\t\t<h2 class=\"elementor-heading-title elementor-size-default\">Verifique a disponibilidade<\/h2>\t\t\t\t<\/div>\n\t\t\t\t<\/div>\n\t\t\t\t<div class=\"elementor-element elementor-element-c61eca9 elementor-align-center elementor-widget__width-initial elementor-widget elementor-widget-button\" data-id=\"c61eca9\" data-element_type=\"widget\" data-e-type=\"widget\" data-widget_type=\"button.default\">\n\t\t\t\t<div class=\"elementor-widget-container\">\n\t\t\t\t\t\t\t\t\t<div class=\"elementor-button-wrapper\">\n\t\t\t\t\t<a class=\"elementor-button elementor-button-link elementor-size-sm\" href=\"https:\/\/airbnb.com.br\/h\/praiaaquamarineoasis\">\n\t\t\t\t\t\t<span class=\"elementor-button-content-wrapper\">\n\t\t\t\t\t\t\t\t\t<span class=\"elementor-button-text\">Reserve J\u00e1<\/span>\n\t\t\t\t\t<\/span>\n\t\t\t\t\t<\/a>\n\t\t\t\t<\/div>\n\t\t\t\t\t\t\t\t<\/div>\n\t\t\t\t<\/div>\n\t\t\t\t\t<\/div>\n\t\t\t\t<\/div>\n\t\t\t\t<\/div>\n\t\t","protected":false},"excerpt":{"rendered":"<p>A propriedade Esta ampla propriedade, projetada para acomodar at\u00e9 10 h\u00f3spedes com conforto, \u00e9 perfeita para aqueles que desejam um ambiente tranquilo e bem estruturado, seja para lazer ou trabalho. A casa conta com 3 dormit\u00f3rios, incluindo uma su\u00edte, proporcionando privacidade e espa\u00e7o. O Wi-Fi de alta velocidade \u00e9 ideal tanto para o entretenimento via [&hellip;]<\/p>\n","protected":false},"author":1,"featured_media":0,"parent":0,"menu_order":0,"comment_status":"closed","ping_status":"closed","template":"","meta":{"om_disable_all_campaigns":false,"_monsterinsights_skip_tracking":false,"_monsterinsights_sitenote_active":false,"_monsterinsights_sitenote_note":"","_monsterinsights_sitenote_category":0,"footnotes":""},"class_list":["post-32","page","type-page","status-publish","hentry"],"aioseo_notices":[],"_links":{"self":[{"href":"https:\/\/oasisaquamarine.com.br\/index.php?rest_route=\/wp\/v2\/pages\/32","targetHints":{"allow":["GET"]}}],"collection":[{"href":"https:\/\/oasisaquamarine.com.br\/index.php?rest_route=\/wp\/v2\/pages"}],"about":[{"href":"https:\/\/oasisaquamarine.com.br\/index.php?rest_route=\/wp\/v2\/types\/page"}],"author":[{"embeddable":true,"href":"https:\/\/oasisaquamarine.com.br\/index.php?rest_route=\/wp\/v2\/users\/1"}],"replies":[{"embeddable":true,"href":"https:\/\/oasisaquamarine.com.br\/index.php?rest_route=%2Fwp%2Fv2%2Fcomments&post=32"}],"version-history":[{"count":0,"href":"https:\/\/oasisaquamarine.com.br\/index.php?rest_route=\/wp\/v2\/pages\/32\/revisions"}],"wp:attachment":[{"href":"https:\/\/oasisaquamarine.com.br\/index.php?rest_route=%2Fwp%2Fv2%2Fmedia&parent=32"}],"curies":[{"name":"wp","href":"https:\/\/api.w.org\/{rel}","templated":true}]}}